
8
What is the tens digit of 56514?
1
What is the thousands digit of 32343?
2
What is the tens digit of 5730538?
3
What is the tens digit of 754390?
9
What is the hundred thousands digit of 686862?
6
What is the hundreds digit of 2762422?
4
What is the hundreds digit of 25045472?
4
What is the thousands digit of 3391328?
1
What is the tens digit of 415465?
6
What is the hundred thousands digit of 1307976?
3
What is the hundreds digit of 296207?
2
What is the thousands digit of 136857?
6
What is the hundreds digit of 381138?
1
What is the ten thousands digit of 2892107?
9
What is the ten thousands digit of 294789?
9
What is the hundred thousands digit of 5618335?
6
What is the millions digit of 4523454?
4
What is the hundreds digit of 1341508?
5
What is the ten thousands digit of 23006?
2
What is the tens digit of 1211267?
6
What is the hundreds digit of 2765304?
3
What is the hundreds digit of 9668772?
7
What is the hundreds digit of 2705374?
3
What is the units digit of 24265615?
5
What is the tens digit of 362277?
7
What is the thousands digit of 7366120?
6
What is the hundred thousands digit of 2441468?
4
What is the ten thousands digit of 2883349?
8
What is the hundreds digit of 229167?
1
What is the millions digit of 25833559?
5
What is the ten thousands digit of 1789656?
8
What is the hundreds digit of 182337?
3
What is the units digit of 135087?
7
What is the ten thousands digit of 139895?
3
What is the hundreds digit of 5901102?
1
What is the hundreds digit of 313733?
7
What is the hundreds digit of 190782?
7
What is the thousands digit of 12315011?
5
What is the thousands digit of 273695?
3
What is the millions digit of 9201556?
9
What is the ten thousands digit of 485210?
8
What is the ten thousands digit of 3018606?
1
What is the thousands digit of 280214?
0
What is the units digit of 4051198?
8
What is the millions digit of 3590368?
3
What is the thousands digit of 218930?
8
What is the ten thousands digit of 9136203?
3
What is the hundred thousands digit of 453643?
4
What is the units digit of 727429?
9
What is the units digit of 190344?
4
What is the tens digit of 2632177?
7
What is the hundred thousands digit of 2611576?
6
What is the tens digit of 13303959?
5
What is the hundreds digit of 19913038?
0
What is the hundreds digit of 3006926?
9
What is the ten thousands digit of 73342?
7
What is the millions digit of 1094172?
1
What is the thousands digit of 3513571?
3
What is the thousands digit of 281149?
1
What is the hundreds digit of 54841?
8
What is the ten thousands digit of 4202426?
0
What is the ten thousands digit of 16310?
1
What is the hundred thousands digit of 7235120?
2
What is the tens digit of 6847072?
7
What is the thousands digit of 367262?
7
What is the millions digit of 1314206?
1
What is the hundred thousands digit of 232215?
2
What is the millions digit of 13361463?
3
What is the thousands digit of 68688?
8
What is the units digit of 666878?
8
What is the hundred thousands digit of 7542884?
5
What is the hundreds digit of 457371?
3
What is the units digit of 509726?
6
What is the thousands digit of 119978?
9
What is the hundreds digit of 430631?
6
What is the ten thousands digit of 3688638?
8
What is the thousands digit of 75974?
5
What is the ten millions digit of 11122573?
1
What is the units digit of 3803840?
0
What is the hundreds digit of 5901734?
7
What is the units digit of 176717?
7
What is the hundreds digit of 284351?
3
What is the millions digit of 6296525?
6
What is the ten thousands digit of 195034?
9
What is the units digit of 3523470?
0
What is the units digit of 3857991?
1
What is the millions digit of 2845624?
2
What is the hundreds digit of 2623134?
1
What is the ten thousands digit of 245121?
4
What is the units digit of 542209?
9
What is the millions digit of 2792384?
2
What is the units digit of 12162760?
0
What is the units digit of 15931001?
1
What is the units digit of 2997318?
8
What is the hundred thousands digit of 398239?
3
What is the hundred thousands digit of 5554101?
5
What is the thousands digit of 3844?
3
What is the units digit of 28720?
0
What is the thousands digit of 5404244?
4
What is the tens digit of 417144?
4
What is the units digit of 33626517?
7
What is the thousands digit of 9394316?
4
What is the hundreds digit of 349915?
9
What is the tens digit of 181398?
9
What is the tens digit of 4466?
6
What is the hundreds digit of 1123498?
4
What is the ten thousands digit of 390375?
9
What is the millions digit of 9633610?
9
What is the ten thousands digit of 659987?
5
What is the hundreds digit of 343619?
6
What is the hundred thousands digit of 2488347?
4
What is the hundred thousands digit of 1040458?
0
What is the units digit of 1942435?
5
What is the hundred thousands digit of 419921?
4
What is the millions digit of 2042961?
2
What is the millions digit of 16332143?
6
What is the hundred thousands digit of 628804?
6
What is the units digit of 894897?
7
What is the millions digit of 4044026?
4
What is the ten thousands digit of 19321038?
2
What is the tens digit of 220330?
3
What is the thousands digit of 460340?
0
What is the hundreds digit of 98225?
2
What is the millions digit of 2711455?
2
What is the units digit of 153172?
2
What is the hundred thousands digit of 902330?
9
What is the units digit of 84525?
5
What is the hundred thousands digit of 550032?
5
What is the hundred thousands digit of 866979?
8
What is the units digit of 241089?
9
What is the millions digit of 7606912?
7
What is the hundred thousands digit of 443776?
4
What is the hundreds digit of 1176788?
7
What is the millions digit of 5601474?
5
What is the hundred thousands digit of 945433?
9
What is the hundreds digit of 2597901?
9
What is the hundreds digit of 13475395?
3
What is the ten millions digit of 33507977?
3
What is the hundred thousands digit of 4777671?
7
What is the hundred thousands digit of 1408727?
4
What is the thousands digit of 1522208?
2
What is the tens digit of 983203?
0
What is the tens digit of 945414?
1
What is the hundreds digit of 143300?
3
What is the tens digit of 1787217?
1
What is the hundreds digit of 6485618?
6
What is the ten thousands digit of 339814?
3
What is the units digit of 158987?
7
What is the tens digit of 398365?
6
What is the units digit of 339062?
2
What is the thousands digit of 494541?
4
What is the hundreds digit of 12710202?
2
What is the tens digit of 445054?
5
What is the hundreds digit of 157442?
4
What is the ten millions digit of 12655408?
1
What is the tens digit of 3330932?
3
What is the tens digit of 591759?
5
What is the hundreds digit of 401267?
2
What is the tens digit of 1068378?
7
What is the thousands digit of 2000952?
0
What is the hundreds digit of 2141798?
7
What is the tens digit of 590651?
5
What is the hundred thousands digit of 110285?
1
What is the thousands digit of 5248772?
8
What is the hundreds digit of 1405890?
8
What is the ten thousands digit of 9135752?
3
What is the hundred thousands digit of 159500?
1
What is the tens digit of 23416960?
6
What is the hundreds digit of 6320758?
7
What is the tens digit of 33850?
5
What is the thousands digit of 14487302?
7
What is the tens digit of 105235?
3
What is the hundred thousands digit of 345791?
3
What is the hundreds digit of 102649?
6
What is the ten thousands digit of 1990212?
9
What is the hundred thousands digit of 1327004?
3
What is the units digit of 1807287?
7
What is the hundred thousands digit of 943602?
9
What is the tens digit of 81186?
8
What is the hundreds digit of 3732204?
2
What is the hundreds digit of 105248?
2
What is the hundred thousands digit of 505694?
5
What is the hundred thousands digit of 7995986?
9
What is the hundred thousands digit of 2855456?
8
What is the thousands digit of 70768?
0
What is the hundred thousands digit of 2222809?
2
What is the ten thousands digit of 14430?
1
What is the tens digit of 4781738?
3
What is the tens digit of 200746?
4
What is the tens digit of 1101451?
5
What is the ten thousands digit of 3928045?
2
What is the thousands digit of 6570041?
0
What is the millions digit of 9260289?
9
What is the hundreds digit of 12720971?
9
What is the hundreds digit of 3015065?
0
What is the hundred thousands digit of 1088778?